, 13
Suppose 0 = 3*a + 2*a - 15. Let y = a - -12. Suppose -20*w + y*w = -245. List the prime factors of w.
7
Suppose 5*h - 2539 = -4*u, -u = -11*h + 6*h - 691. List the prime factors of u.
2, 17, 19
Let z(h) = 41*h**3 + 6*h**2 - 63. List the prime factors of z(9).
2, 3, 421
Suppose 0 = -8*n + 22 + 2. Suppose -2*h + 10 = n*q, 2*h - 5*q = 5*h - 16. List the prime factors of (-10)/(-5) - (1 - h)*215.
7, 31
Suppose -3*v = 14*b - 10*b - 2884, 2*v = -2*b + 1922. Let k = v - 543. What are the prime factors of k?
3, 139
Suppose 0 = -4*c + 8*i - 7*i + 176105, -2*c = 2*i - 88040. List the prime factors of c.
3, 5, 587
Let f(d) = -6*d**3 + 5*d**2 + d - 9. Let b = -663 - -659. List the prime factors of f(b).
11, 41
Let r(v) = -6*v**3 + 6*v**2 - 5*v - 2. Let m be r(-5). Suppose 30*u - 3366 = 12618 + 3396. Let p = m - u. List the prime factors of p.
277
Let z be -2502 + 72/(-27)*9/(-6). Let t = -792 - z. List the prime factors of t.
2, 853
Let o = -81 + 263. Let s = 546 + o. What are the prime factors of s?
2, 7, 13
Let m(i) = -i - 3. Let j be m(-10). Suppose j*d + 251 - 4493 = 0. What are the prime factors of d?
2, 3, 101
Let j = -298 - -411. List the prime factors of j + 9/(-6)*40/15.
109
Let a be (-2 - 1) + (7 - -1)/(-2). Let b be a/(1 + 0)*(-24)/42. List the prime factors of 467/b + (-3)/(-12).
3, 13
Let i(s) = 233*s**3 + s**2 - 3*s + 3. Let z be 12/((-20)/(-5)) - 2. Let l be i(z). Let c = l - 45. List the prime factors of c.
3, 7
Let r(q) = 2*q**3 + q**2 + 13*q + 9. Let b(w) = -w**3 - 2*w**2 - 14*w - 10. Let i(k) = -3*b(k) - 4*r(k). What are the prime factors of i(-4)?
2, 193
Suppose 13*m - 10*m + 3 = 0. Let y(v) = v + 49. Let t be y(-8). Let r = t + m. What are the prime factors of r?
2, 5
Let a = 12 + -16. Let v(u) = 15 - 11 + 4 + 5 - 34*u. List the prime factors of v(a).
149
Suppose 0 = 13*i - 15409 + 4567. Let q = -483 + i. List the prime factors of q.
3, 13
Suppose 3*b + t - 2346 = 0, 10*t - 782 = -b + 5*t. Suppose 7*w - 6*w - b = 4*l, 4*w - l - 3188 = 0. What are the prime factors of w?
2, 3, 7, 19
Let p(k) = -k**2 + 4*k + 28. Let h be p(-3). Let z be -156 - ((-8)/(-28))/(2/h). Let u = z + 340. List the prime factors of u.
3, 61
Let w(f) = -7*f**2 + 18*f. Let i be w(8). Let k be i/((-2 + 3)/(0 - -1)). Let l = -206 - k. List the prime factors of l.
2, 7
Let a(k) = -35*k - 211. Let x = -571 - -554. What are the prime factors of a(x)?
2, 3
Let r(s) = -3*s**2 - s + 2. Let c(i) = 4*i**2 + i - 3. Let z(u) = 4*c(u) + 5*r(u). Let o be z(-2). Suppose o*b - 36 = 32. What are the prime factors of b?
17
Suppose 4*k - 48272 = -o, 10*k + o + 60358 = 15*k. What are the prime factors of k?
2, 5, 17, 71
Suppose -5*w + 0*q = 2*q - 52, 0 = 4*w + 2*q - 42. Suppose 9*c - w*c = 791. List the prime factors of c/(-4) + 12/(-16) + -3.
2, 97
List the prime factors of ((-17866)/4)/(3/(-6)).
8933
Suppose -h = 2*h + 4*u - 10, -4 = -2*h - 4*u. Let m be 3 - h/(30/85). Let y(n) = -6*n + 5. What are the prime factors of y(m)?
89
Let a(s) = -s**3 + 15*s**2 + 8*s - 16. Let m be a(17). What are the prime factors of m/(-4*2/12)?
3, 229
Suppose 3*o - 38413 = -22558 + 76116. What are the prime factors of o?
3, 11, 929
List the prime factors of 3486/(-2241) + (-854591)/(-9).
3, 31, 1021
Suppose -49*r = -38*r - 600853. List the prime factors of r.
54623
Let m(q) = -5*q + 112. Let f be m(8). Let x = 9 + f. List the prime factors of x.
3
Suppose 6975 = 43*r - 18*r. Suppose 0 = -2*n - 2*t + 7*t + 273, 3*t = 2*n - r. List the prime factors of n.
2, 3
Let f = 21715 - 6527. What are the prime factors of f?
2, 3797
Suppose 27*d = 1335629 + 88081. List the prime factors of d.
2, 5, 5273
Let d(q) be the second derivative of 9*q**5/10 - 3*q**4/4 + 13*q**3/6 + 3*q**2/2 + 5*q. What are the prime factors of d(3)?
3, 149
Let p = -73 + -88. Let h = 2685 + -2399. Let v = p + h. What are the prime factors of v?
5
What are the prime factors of 450/135*(-1044)/(-8)?
3, 5, 29
List the prime factors of 7/3 - (-5267892)/882.
5, 239
Suppose 132603 = -303*c + 306*c + 3*w, -4*w = -8. What are the prime factors of c?
3, 1637
Let f be (0 - 3) + 20*(-40)/(-50). Suppose f*x + 7509 = 19677. What are the prime factors of x?
2, 3, 13
Let a = 114 - 107. Suppose a*x - 3382 = 111. What are the prime factors of x?
499
Let p = -71 + 70. Let h be 6 + -2 - 4 - (p + 339). Let j = -77 - h. List the prime factors of j.
3, 29
What are the prime factors of (-1600)/480*(22/10 - 1) - -1677?
7, 239
Let y(w) = 38*w**3 + 3*w**2 + 29*w - 436. List the prime factors of y(8).
2, 4861
Suppose 1228 = 7*l + 80. Suppose -x - 2*w = 2*w + 42, -4*x - 147 = -5*w. Let c = x + l. List the prime factors of c.
2, 3, 7
Let h(w) = -2363*w + 155. What are the prime factors of h(-12)?
7, 4073
Suppose 4*z - 17201 = 3*y + 184033, -4*y - 150915 = -3*z. What are the prime factors of z?
3, 31, 541
Let x(d) be the third derivative of 69*d**4/8 + 200*d**3/3 + 2*d**2 - 22*d. List the prime factors of x(5).
5, 7, 41
Let s(n) = -n**3 + 41*n**2 + 305*n + 30. List the prime factors of s(45).
3, 5, 13, 29
Suppose -7*l - 383 + 439 = 0. Suppose 8*o + l = 6*o, -3863 = -5*k + 2*o. What are the prime factors of k?
3, 257
Let v = -147 + 157. Let g = v - -120. What are the prime factors of g?
2, 5, 13
Let r(l) = l**3 - 23*l**2 + 22*l + 17. Let c be r(22). Let i = c + -21. List the prime factors of 2 + 18 + (4/i - -1).
2, 5
Let k = -460 + 921. Suppose k = 2*f - 301. What are the prime factors of f?
3, 127
Suppose 3*g - 104040 = 5*t, 98*g - 101*g + 2*t + 104022 = 0. What are the prime factors of g?
2, 5, 3467
Suppose -92*q + 33520 + 281603 = -23*q. List the prime factors of q.
4567
Let i be 13244/18 + 2/9. Suppose 4*k - 716 = 756. Suppose -2*y + 3*j + k = -0*j, 4*y - i = 3*j. List the prime factors of y.
2, 23
Let d(p) = 3*p**2 - 44*p - 596. What are the prime factors of d(-41)?
7, 19, 47
Let c(g) = -g. Let m be -1 + 35/45 + 140/(-18). Let z be c(m). Suppose -58 = z*v - 1962. What are the prime factors of v?
2, 7, 17
Let u be ((-637)/(-39))/(1/(-3)). Let c = u - 27. Let a = c - -232. List the prime factors of a.
2, 3, 13
Suppose -92379 = -0*l - 83*l. List the prime factors of l.
3, 7, 53
Let j(l) = 49*l**2 + 7*l - 21. List the prime factors of j(-8).
7, 19, 23
Let a(j) = 14*j**3 + 81 + 38*j**2 + 95*j + 4*j**3 - 19*j**3. List the prime factors of a(40).
3, 227
Let j = 53875 + -24540. List the prime factors of j.
5, 5867
Suppose 61*p - 607104 + 13635 = 0. List the prime factors of p.
3, 23, 47
Suppose 0 = 4*o + 3*s - 12, 4*s = 3*o - 2*o + 16. Suppose 4*m + z + z - 1228 = o, 4*z = -4*m + 1232. What are the prime factors of m?
2, 3, 17
Let i(r) = -r**3 + 5*r**2 + 5*r - 22. Let m be i(5). Suppose 8*v - 25 = m*v. Suppose l = -v*x + 2*l + 365, 0 = 2*l - 10. List the prime factors of x.
2, 37
Suppose 56*y = 20*y - 64*y + 718100. What are the prime factors of y?
43, 167
Suppose 18 - 3 = 5*q. Suppose -t + 8 = q*t. Suppose -t*n + 0*n - 10 = 0, -3*h = 5*n - 179. List the prime factors of h.
2, 17
Let n(c) = -4*c**3 - 14*c**2 + 12*c + 13. What are the prime factors of n(-7)?
3, 5, 41
Let f = -271 - -448. Let y = f - 141. List the prime factors of y.
2, 3
Let d = 24179 - 14408. What are the prime factors of d?
3, 3257
Let v(w) = 2*w - 13. Let y be v(9). Let a(h) = -h**2 - y*h - 8*h + 30 - 7*h + 13. List the prime factors of a(-20).
43
Suppose -502*i + 189*i + 9820688 = 0. List the prime factors of i.
2, 37, 53
Let f be -76*((-22)/(-8) - 2). Let z = f + 65. Suppose 360 = -6*k + z*k. What are the prime factors of k?
2, 3, 5
Suppose -193*v = -222*v + 324307. List the prime factors of v.
53, 211
Let q(b) = 6*b**2 - 6*b - 4. Let f be q(-1). List the prime factors of 650 - (f + (0 - -6)/(-3)).
2, 7, 23
Let q = -3461 + 9988. List the prime factors of q.
61, 107
Let h be (-45)/(-10) - 2/(-8)*-6. What are the prime factors of (-11 - -16) + 1 + h?
3
What are the prime factors of 281578690/4640 + 1/(-16)?
5, 53, 229
Let h be 9/(-1) + (89 - -29). Suppose 0 = 3*q - c - 558 + h, 4*q - 592 = -2*c. List the prime factors of q.
149
Let c(x) = 168*x + 24. Let o(u) = -15*u - 12. Let r be o(-1). What are the prime factors of c(r)?
2, 3, 11
Suppose 0 = k + 1, -4*n = -5*k - 5461. Let q be n/(-18) + (4/9)/(-2). Let h = 178 + q. List the prime factors of h.
2, 3, 17
Suppose -8*h - 10 = -3*h. Let b be -3 + (